y) = y**3 - 82*y**2 - 543*y + 24423. Give t(85).
-57
Let a(s) = -8861*s + 8729. What is a(1)?
-132
Let r(p) = p**2 - 98*p + 3587. What is r(79)?
2086
Let u(k) = 5587*k + 260970. Calculate u(-47).
-1619
Let b(v) = 1967*v + 19709. Determine b(-9).
2006
Let x(j) = 87*j**3 - 610*j**2 + 14*j - 66. Give x(7).
-17
Let s(v) = v**2 + 32*v - 1457. Calculate s(26).
51
Let v(s) = -s**3 - 236*s + 1822. Calculate v(7).
-173
Let d(y) = -y**3 + 97*y**2 - 1282*y - 411. Calculate d(81).
723
Let g(y) = y**3 + 143*y**2 + 46*y + 7836. Calculate g(-143).
1258
Let h(g) = 76*g**3 + 14*g**2 - 30*g + 59. Give h(2).
663
Let a(f) = -158*f + 1495. What is a(16)?
-1033
Let b(k) = -k**3 - 149*k**2 + 1755*k - 801. What is b(-160)?
-1
Let c(z) = 77925*z - 9273073. Determine c(119).
2
Let x(t) = -101*t**2 - 491*t + 9. Give x(-4).
357
Let a(p) = -27539*p + 247845. Calculate a(9).
-6
Let t(h) = -2*h**3 + 21*h**2 - 2103*h + 20959. Calculate t(10).
29
Let v(x) = -2*x**2 + 90*x + 3115. What is v(-22)?
167
Let g(o) = -3*o**3 + 32*o**2 - 80*o - 16. Give g(6).
8
Let v(s) = -203*s**2 - 222*s - 2. Calculate v(-2).
-370
Let a(z) = -25505*z - 51124. What is a(-2)?
-114
Let u(j) = 26040*j - 2. Give u(0).
-2
Let r(z) = -42439*z + 381845. Give r(9).
-106
Let u(g) = -g**3 + 33*g**2 - 139*g + 8905. Determine u(36).
13
Let n(m) = -m**2 - 10134*m - 323318. What is n(-32)?
-54
Let b(y) = 243*y + 22845. Calculate b(-88).
1461
Let u(c) = -c**2 - 386*c + 13043. Calculate u(-417).
116
Let c(r) = 2070*r - 48098. Determine c(23).
-488
Let i(c) = -28*c**2 + 119*c + 315. Determine i(-3).
-294
Let w(c) = 21*c**2 + 1912*c + 49. What is w(-91)?
-42
Let k(q) = -4066*q + 101644. Calculate k(25).
-6
Let f(b) = 1641903*b + 19702824. Give f(-12).
-12
Let i(y) = -20*y**2 + 79*y - 394. What is i(6)?
-640
Let c(o) = -2580*o - 27950. Determine c(-11).
430
Let t(l) = -22*l**2 - 30302*l + 49648. Calculate t(-1379).
4
Let s(n) = 3729*n + 82002. What is s(-22)?
-36
Let w(t) = t**2 + 117*t - 2137. What is w(-133)?
-9
Let s(d) = -140956*d - 281798. Determine s(-2).
114
Let d(k) = -k**3 + 337*k**2 - 333*k - 239. Calculate d(336).
769
Let c(w) = 27*w**3 - 134*w**2 - 1808*w + 170. What is c(11)?
5
Let p(i) = -3*i**3 + 390*i**2 + 3760*i - 969. What is p(139)?
4
Let h(g) = -16*g - 1716. What is h(-127)?
316
Let u(c) = 16383*c + 8158731. Determine u(-498).
-3
Let q(d) = -3*d**3 - 3569*d**2 + 8216*d - 152586. Determine q(-1192).
-10
Let s(d) = -3*d**3 + 280*d**2 - 662*d + 2261. Determine s(91).
-14
Let r(b) = -b**2 - 4814*b - 14446. Calculate r(-3).
-13
Let p(w) = 9999*w - 769920. Calculate p(77).
3
Let v(r) = -2*r**2 - 467*r + 2328. Determine v(5).
-57
Let r(p) = -p**3 - 593*p**2 + 21980*p + 1. Give r(-628).
1
Let q(c) = 6*c**2 - 5853*c - 107298. Give q(-18).
0
Let o(m) = -2*m**3 + 28*m**2 + 1599*m - 41. What is o(36)?
499
Let m(g) = -8*g + 541. Determine m(-29).
773
Let s(l) = l**3 - 513*l**2 - 3591*l + 351. What is s(-7)?
8
Let w(m) = m**3 + 13*m**2 - 93*m + 77. Determine w(-18).
131
Let l(j) = -1783*j - 8808. Calculate l(-5).
107
Let q(g) = 1002*g + 119. Give q(1).
1121
Let r(v) = 3*v**3 + 433*v**2 + 3971*v - 578. Calculate r(-10).
12
Let n(o) = 396*o**2 + 955*o - 1. Calculate n(-3).
698
Let y(g) = -g**3 - 3*g**2 + 491*g - 979. What is y(2)?
-17
Let h(y) = 14213*y - 270074. Calculate h(19).
-27
Let s(g) = -g**3 + 49*g**2 - 586*g + 1529. What is s(13)?
-5
Let g(u) = 11*u**2 - 1579*u - 9437. Calculate g(-6).
433
Let u(l) = 21*l**3 - 3757*l**2 - 359*l + 216. Determine u(179).
37
Let s(h) = h**2 - 54*h - 2638. Determine s(-31).
-3
Let p(k) = -521*k + 24808. Calculate p(48).
-200
Let h(s) = -s**3 + 64*s**2 + 1340*s + 2354. Give h(-15).
29
Let s(m) = -5975*m - 22732. Determine s(-4).
1168
Let z(h) = -4*h**2 - 82*h + 2613. Give z(-38).
-47
Let s(z) = 30864*z + 61698. Calculate s(-2).
-30
Let q(b) = -67*b**2 + 598*b - 1183. Give q(2).
-255
Let s(o) = -4006*o - 43771. Calculate s(-11).
295
Let w(d) = -5*d**3 - 135*d**2 - 24*d - 742. What is w(-27)?
-94
Let j(n) = -170326*n + 1362700. Calculate j(8).
92
Let c(z) = -5*z**3 - 809*z**2 + 4188*z - 98. Calculate c(5).
-8
Let n(u) = 1401*u - 164703. Give n(118).
615
Let l(a) = -11*a**3 + 130*a**2 + 493*a - 5640. Give l(12).
-12
Let c(t) = -701*t - 518. Calculate c(0).
-518
Let b(s) = -10174*s - 30490. Calculate b(-3).
32
Let g(z) = -1016*z - 24369. What is g(-24)?
15
Let x(l) = 6590*l - 441540. What is x(67)?
-10
Let o(r) = r**2 - 4984*r - 706989. Determine o(-138).
-153
Let o(c) = 3*c**3 + 670*c**2 - 3947*c - 12371. Determine o(-229).
-5
Let f(k) = -16078*k + 96458. Give f(6).
-10
Let u(t) = -t**2 - 1015*t - 7083. Calculate u(-7).
-27
Let f(v) = 37458*v - 3129. Determine f(0).
-3129
Let z(w) = w**3 + 40*w**2 - 1291*w - 50819. Calculate z(-42).
-125
Let b(n) = 1172104*n - 3516349. Calculate b(3).
-37
Let l(c) = -383*c**2 + 57*c - 252. Determine l(4).
-6152
Let z(y) = -807*y + 37104. Determine z(46).
-18
Let i(z) = -130604*z - 261197. Give i(-2).
11
Let p(u) = -u**3 - 103*u**2 - 2647*u + 135. Determine p(-53).
-24
Let x(k) = k**3 + 106*k**2 + 1703*k + 180703. Give x(-106).
185
Let i(v) = -45*v**3 - 5*v**2 + 56*v + 201. What is i(-3)?
1203
Let q(t) = 2*t**2 - 195*t + 4319. Calculate q(62).
-83
Let s(k) = 83*k**2 + 12130*k - 10474. Give s(-147).
-37
Let b(z) = 5366*z - 32187. What is b(6)?
9
Let v(a) = 1085*a - 6146. What is v(6)?
364
Let r(k) = k**3 + 3328*k**2 - 90594*k + 220. Determine r(27).
-23
Let v(n) = -44645*n + 402084. Calculate v(9).
279
Let h(r) = -3*r**3 - 108*r**2 + 19696*r - 63. Give h(65).
2
Let n(s) = s**2 + 241*s + 15940. Calculate n(-201).
7900
Let n(h) = -16*h**2 + 3319*h + 12106. Determine n(211).
79
Let k(o) = -54*o**2 + 5468*o - 6717. Give k(100).
83
Let o(y) = -24*y**3 + 475*y**2 + 478*y + 4. What is o(-1)?
25
Let w(n) = -3005*n - 153346. Give w(-51).
-91
Let v(d) = 2*d**2 - 9413*d + 566746. What is v(61)?
-5
Let c(n) = n**3 + 11*n**2 - 38973*n + 608. Determine c(-203).
-1
Let d(r) = -2*r**3 + 247*r**2 - 1519*r - 195. What is d(117)?
39
Let o(h) = h**2 + 19793*h - 515339. Determine o(26).
-45
Let h(m) = -7*m**2 - 60*m + 127. Give h(-12).
-161
Let a(f) = 644*f + 8347. What is a(-13)?
-25
Let w(a) = -5*a**3 + 25*a**2 - 6*a - 65. Determine w(6).
-281
Let i(y) = -y**2 - 102*y + 4465. Calculate i(50).
-3135
Let z(y) = -4*y**2 + 6704*y - 498577. Calculate z(78).
-1
Let k(j) = -181*j - 2208. Give k(-20).
1412
Let y(a) = -1550*a - 695528. Calculate y(-449).
422
Let w(i) = 2*i**2 + 378*i - 267. Determine w(-191).
497
Let s(b) = -12*b**3 + 165*b**2 + 487*b - 62. Give s(-3).
286
Let a(z) = 25*z**2 - 519*z - 1027. What is a(-2)?
111
Let x(s) = -2180*s + 198360. Determine x(91).
-20
Let x(w) = 1234*w - 498539. What is x(404)?
-3
Let o(t) = -t**2 + 479*t + 209188. Calculate o(-277).
-224
Let y(d) = -2*d**3 - 62*d**2 + 825*d + 24216. What is y(-32)?
-136
Let p(n) = 6*n**3 - 113*n**2 + 81*n - 16. Give p(18).
-178
Let n(y) = -y**3 - 45*y**2 - 41*y + 791. What is n(-5)?
-4
Let l(i) = -3*i**2 + 144*i + 24825. Determine l(-68).
1161
Let r(o) = -4*o**2 + 1376*o + 6926. Give r(-5).
-54
Let w(j) = j**3 - 8*j**2 - 6205*j + 49629. Calculate w(8).
-11
Let k(b) = 514*b - 17127. Determine k(34).
349
Let y(k) = 2*k**2 + 1013503*k + 4053984. Give y(-4).
4
Let o(x) = 86*x**2 + 4558*x - 260. Calculate o(-53).
-260
Let g(f) = 48*f**2 + 630*f. Calculate g(-7).
-2058
Let b(j) = -26566*j + 318671. Give b(12).
-121
Let t(f) = 73*f**3 + 4*f**2 + 8*f + 8. Give t(-2).
-576
Let c(s) = 889*s - 39959. Give c(45).
46
Let m(k) = 1499*k + 25457. Give m(-17).
-26
Let l(c) = 48*c + 1747. What is l(-37)?
-29
Let o(p) = 13*p**3 + 23*p**2 + 7415*p - 7437. Give o(1).
14
Let s(w) = -w**3 + 167*w**2 - 753*w + 125743. Calculate s(167).
-8
Let f(s) = 564117*s - 18615839. Give f(33).
22
Let h(l) = -l**2 + 5092*l + 540373. Calculate h(-104).
-11
Let p(n) = 20*n**2 + 524*n - 3857. Give p(6).
7
Let k(r) = 56*r**2 - 1020*r + 234. What is k(18)?
18
Let j(b) = 8*b**3 + 10505*b**2 + 1419*b + 139182. Calculate j(-1313).
4
Let q(x) = -7946*x - 874067. Calculate q(-110).
-7
Let w(s) = -4*s**3 - 70*s**2 - 36*s - 141. What is w(-17)?
-107
Let s(q) = q**2 + 710*q - 13808. Give s(19).
43
Let g(b) = -b**3 + 2015*b**2 + 5657*b - 3273584. Determine g(2017).
7
Let i(h) = 11411*h + 6241782. What is i(-547)?
-35
Let g(j) = 2631*j - 228890. 